n g(-33) is divided by 14?
11
Suppose -3*v - 28 = -v + 4*l, v - 1 = l. Let r be (-10)/v + 5/(-10). Suppose r*h - 6*h + 336 = 0. What is the remainder when h is divided by 29?
26
Let q(r) = 4*r + 73. Let c be q(-17). Suppose c*u - l - 4 = 3*l, 5*u + l = 24. Let w(h) = -3*h - 3. Calculate the remainder when u is divided by w(-2).
1
Let l = -56 + 78. Calculate the remainder when 124 is divided by l.
14
Let b(y) = -21*y + 22. Suppose 3*k - 21 = 3*f, 2*k = -3*f + 2 - 3. What is the remainder when b(f) is divided by 44?
41
Suppose -3828 = -30*r - 14*r. What is the remainder when r is divided by 24?
15
Calculate the remainder when 32 is divided by 1*14 - (0 + (-2 - -6)).
2
Let c(u) = u**3 + 5*u**2 + 5*u + 43. Calculate the remainder when 27 is divided by c(-5).
9
Let i(x) = -x**2 + 7*x - 6. Let b be i(2). Suppose 4 = b*c - 0*c, -c = -2*y + 137. Calculate the remainder when y is divided by 24.
21
Let w(u) = 13*u - 207. Calculate the remainder when 429 is divided by w(18).
24
Suppose 8*d = 54 + 42. Suppose y - 7 = -q, -5*y - 7 = -q - 2*y. What is the remainder when d is divided by q?
5
Suppose 91 = 2*u - 417. What is the remainder when u is divided by 16?
14
Let a = -17 + 11. Let y(p) = -4*p + 6. Suppose 3*r - 5 - 20 = 2*k, 3*k = -5*r + 67. Calculate the remainder when y(a) is divided by r.
8
Let a = -16 + 25. Let h(s) = s - 15. Let q be h(a). Let d = q - -11. What is the remainder when 18 is divided by d?
3
Let b(k) = k**3 - 10*k**2 - 26*k + 16. Let p be b(12). Let s = 15 + p. What is the remainder when 25 is divided by s?
4
Let l(h) = -16*h**3 - 5*h**2 - 21*h - 17. Calculate the remainder when -1 + 1 - (-144)/2 is divided by l(-1).
12
Let k(c) = -2*c + 21. Let j be k(15). Let p be (-4)/(((-12)/j)/4). Let y = 18 + p. What is the remainder when 8 is divided by y?
2
Suppose -2*q - 10 = 0, 0 = -m - 0*q - q + 25. What is the remainder when (7 + -1 - 10) + 121 is divided by m?
27
Let h be 42/105 - (-3)/5. Let z(p) be the third derivative of p**6/120 - p**5/60 + p**4/24 - p**2. Calculate the remainder when 2 is divided by z(h).
0
Let t(i) = 5*i**2 - 1. What is the remainder when 99 - (-5 + -1 + 18) is divided by t(-3)?
43
Let x = -41 + 93. Let g = -25312 - -25340. Calculate the remainder when x is divided by g.
24
Suppose -8*t = -14*t + 540. Suppose -10*p + 0 + t = 0. Let l(m) = m**3 - m**2 + 23. What is the remainder when l(0) is divided by p?
5
Suppose 25 = 6*b - b. Calculate the remainder when 2*(12 + (-70)/20) is divided by b.
2
Let o(d) = d**3 - 5*d**2 + 3*d + 5. Let b = 144 + -143. What is the remainder when b is divided by o(4)?
0
Let z(h) = -27*h + 772. What is the remainder when 223 is divided by z(28)?
15
Suppose 5*v - 25 = 0, -3*o + o = 4*v - 162. What is the remainder when o is divided by 25 + 11 + -5 + 5?
35
Suppose -2*j - 445 = -7*j + 5*t, 2 = t. Calculate the remainder when j is divided by 33.
25
Suppose 3*d - 7*d - 5*z = -104, -3*z = 4*d - 112. Calculate the remainder when 77 is divided by d.
15
Suppose 6*w = 5*w. Suppose 79 = 4*m + 19. Calculate the remainder when -4*(-1*7 + w) is divided by m.
13
Let p = 93 - 88. Suppose 4*m + 6*u = 2*u + 60, -p*m = -4*u - 57. What is the remainder when 22 is divided by m?
9
Let c = -1215 - -1225. Calculate the remainder when 1188 is divided by c.
8
Let i be 1/4 + (-98)/8. Let m(j) = j**2 + 10*j + 8. Let f = 6 + 5. What is the remainder when m(i) is divided by f?
10
Suppose 0 = v - 4*d + 4, 2*v + d - 56 = 5*v. What is the remainder when (-10)/25 + (-468)/v is divided by 15?
8
Let n = 963 + -937. Calculate the remainder when 51 is divided by n.
25
Let z be 5*(2 - (-6)/(-10)). Suppose 0*a - a = -52. Suppose z*u = 3*u + a. Calculate the remainder when 25 is divided by u.
12
Let d = -101 + 93. Let f(h) = 1 - 3 - 2 + 7*h + 2*h**2. Calculate the remainder when f(d) is divided by 23.
22
What is the remainder when 116 is divided by (0 - -1)*(15 + -2)?
12
Let a(b) = -8*b**2 + 1 + 7*b**2 - 11*b - 8*b**2 + b - b**3. Let y = -14 - -23. Calculate the remainder when a(-8) is divided by y.
8
Suppose 0 = m + 4, w + 99 = m - 3*m. Let h = -83 - w. What is the remainder when 29 is divided by h?
5
Suppose 0 = -13*w + 3*w + 930. Calculate the remainder when w is divided by 47.
46
Let n = 59 - 21. Suppose 0 = 51*q - 42*q - 45. Calculate the remainder when n is divided by q.
3
Let w(n) = n + 15. Let j = 32 - 26. Suppose -j*f - 46 = 32. What is the remainder when 3 is divided by w(f)?
1
Suppose -4*n = -4*t - 36, 5*t + 4*n = 5 - 23. Let z(x) = -x**3 - 5*x**2 + 6*x + 2. Suppose -l + 0 = -5. What is the remainder when l is divided by z(t)?
1
Suppose 29*o = 19*o + 1150. Calculate the remainder when o is divided by 12.
7
Let g(v) = 18*v**2 + 21*v - 1. Calculate the remainder when 946 is divided by g(1).
34
Let a(p) = -60*p + 4. Let n be (3 + 0 + -4)/(3/3). What is the remainder when a(n) is divided by 21 - (2/2 - 2)?
20
Let v be (-2)/(-1)*(-3 - -5). Let b = 112 + -115. Calculate the remainder when 18 is divided by (b - (3 - 12)) + v.
8
Let a be ((-660)/45)/((-4)/6). What is the remainder when 1148/a - 44/242 is divided by 14?
10
Let i = 493 - 327. What is the remainder when i is divided by 44?
34
Suppose -4*l = -2*r + 14 + 38, 4*l = -5*r + 102. Calculate the remainder when 41 is divided by r.
19
Suppose -27*y + 609 - 96 = 0. What is the remainder when 568 is divided by y?
17
Let b be (-6)/(-14) + (-42)/98. Let a(r) = -r - 1. Let t(c) = 4*c + 50. Let d(v) = 3*a(v) + t(v). Calculate the remainder when d(b) is divided by 16.
15
Let o be 244/12 - (-6)/9. Suppose 2*s + 3*t - o = 0, 3*t = -s + 10 + 5. Suppose z - 4*z + 63 = 0. What is the remainder when z is divided by s?
3
Suppose m + 3*m = 40. Let l(n) = 32*n - 41 - 45 - 16*n**2 + 67 + n**3. Calculate the remainder when l(14) is divided by m.
7
Let j(s) = 17*s**2 - 23*s - 31. Let i(k) = -5*k**2 + 8*k + 10. Let y(l) = 7*i(l) + 2*j(l). Calculate the remainder when 15 is divided by y(10).
7
Let j(x) = 3*x**3 + 5*x**2 + 9*x - 36. Let m(n) = -n + 24. Calculate the remainder when j(3) is divided by m(0).
21
Let y = 731 - 496. Suppose -q = -6*q + y. What is the remainder when q is divided by 12?
11
Calculate the remainder when 149 is divided by (-1 + (-4)/(-6))*(-56 - -26).
9
Let d = 641 - 561. What is the remainder when 397 is divided by d?
77
Suppose -10*t = -2*t - 40. Suppose t = -5*z - 30. What is the remainder when 16 is divided by (-180)/(-21) + (-3)/z?
7
Let q(r) = -3*r + 1. Let z be q(-2). Calculate the remainder when 11 is divided by (-5 + 6)/(1/z).
4
Suppose 0 = 2*o - 4*h + 18, -13 - 2 = 5*h. Let k = o + 47. Suppose -9 = -5*d + 46. Calculate the remainder when k is divided by d.
10
Let w = -242 + 551. Suppose -6*d + 177 + w = 0. What is the remainder when d is divided by 28?
25
Let h(m) = 15*m**2 + 3*m - 1. Let b(s) = 8*s - 31. What is the remainder when h(2) is divided by b(8)?
32
Calculate the remainder when (-15)/2*6/(-9) is divided by -14 + 13 - (-2*1 + 0).
0
Let w be ((-1)/(-2))/((-3)/12). Let f(a) be the first derivative of 11*a**3/3 + a**2 - a + 4. What is the remainder when f(w) is divided by 20?
19
Let y(m) = m**3 - 5*m**2 - 3*m - 3. Let i = -131 - -145. Calculate the remainder when y(8) is divided by i.
11
Let r = 113 - 66. Suppose -5*f + 5*g = -40, -4*f + r - 5 = g. What is the remainder when f is divided by 6?
4
Let i = 99 - 19. Calculate the remainder when i is divided by 27.
26
Let t = 34 - -4. Suppose 0 = h - 2 - 5. What is the remainder when 2/(((-34)/t - -1) + 0) is divided by h?
5
Suppose -3*u = 3*x - 1704, -5*u = 3*x - 3210 + 380. What is the remainder when u is divided by 47?
46
Let o be (-21)/(-4) + (-2)/8. Suppose 5*s - 20 = 0, -93 = -o*q - 4*s + 8. Calculate the remainder when q is divided by 5.
2
Let n = 6 + -2. Suppose 2 = n*z - 10. Let v(f) = 2*f**3 + f**2 + 4*f - 2. What is the remainder when v(z) is divided by 25?
23
Let f = 483 + -69. Calculate the remainder when f is divided by 52.
50
Let p = -1678 + 1707. Suppose -a - 269 = -4*i - 38, -15 = 5*a. Calculate the remainder when i is divided by p.
28
Suppose 21*w = 135*w - 2094 - 528. What is the remainder when w is divided by 0/(-1) - (-24)/2?
11
Let j = -6 - -41. Let c = 38 - 59. Let z = c - -33. What is the remainder when j is divided by z?
11
Suppose 16 = 2*t + 8. Suppose -4*z + 3*p = -744, -362 = 3*z